+ x = 6*j. What is the hundreds digit of j?
1
Suppose 0*t - 3*t - 15 = 5*p, 2*t + 3*p = -9. Suppose 8*o - 4*o + 4 = t, -3*q - 2*o = -1720. What is the hundreds digit of q?
5
Let x(d) = -3 + 8 + 4 + 8*d + 2. Let l be x(-4). Let c = 11 - l. What is the units digit of c?
2
Suppose -3*k + 2*u + 1088 = -4679, 4*k - 7666 = -2*u. Suppose -t = -19*i + 15*i - k, -t - 2*i + 1907 = 0. What is the tens digit of t?
1
Let m be (4/10)/(5/(-25)). Let w = -997 - -409. What is the units digit of (w/18 - 4)/(m/6)?
0
Suppose 112*d = 128*d + 192. What is the tens digit of 116/(-3)*(d + (-252)/8)?
8
Suppose 5*f = 4*x - 14475, -2*f - 413 = -2*x + 5379. What is the tens digit of 64/(-288) + (f/(-9) - 0)?
2
Suppose 3*o + o - 4048 = -2*f, -5*f = 5*o - 5060. Let z = o + -234. What is the hundreds digit of z?
7
Let f = 2249 - 1319. Suppose 17*o = 5214 - f. What is the tens digit of o?
5
Let h = -18 - 937. Let b = h - -1917. What is the units digit of b?
2
Let h be 32/(-24)*(71/2 - -2). What is the units digit of (60/h + 1)/((-2)/290)?
9
Let k = -8869 - -16641. What is the hundreds digit of k?
7
Suppose -4*h = -4*i + 16, 0*i + 3*i = 2*h + 12. Let c be i/10 + 185/(-25) + -5. What is the tens digit of c/3*-32 + (-12)/3?
2
Suppose 15*h + 1 = 14*h. Let b(x) = -145*x + 27. What is the units digit of b(h)?
2
Let h(y) = y + 13. Let z be h(0). Suppose z*o - 12*o = 86. Suppose -552 = 82*v - o*v. What is the hundreds digit of v?
1
Let r(u) = -5*u**2 + 4*u - 5. Let t be r(2). Let z(x) = -2*x - 29. Let q be z(7). Let c = t - q. What is the units digit of c?
6
Suppose -19*l + 67*l - 1912404 = -4*l. What is the ten thousands digit of l?
3
Suppose 75*r = 552867 - 40406 + 153239. What is the hundreds digit of r?
8
Suppose 0 = 11*q - 53539 - 2847. What is the tens digit of q?
2
Let k(b) = b**2 + 2*b - 9. Let d be k(-5). Let h(p) = -p**2 + 6*p + 2. Let y be h(d). Suppose y*n - 4*n + 214 = 0. What is the hundreds digit of n?
1
Let y = 28052 + 5026. What is the thousands digit of y?
3
Let y be 8308/(-155)*15/(-3 + 0). Let n = 543 - y. What is the tens digit of n?
7
Let n(x) = -x**3 + 5*x**2 + 2*x + 29. Let r be n(6). Suppose 57 = 3*k - 2*t, r = -k - t + 19. Suppose 0 = -k*a + 12*a + 60. What is the units digit of a?
2
Let q be 2510/20 - (-5)/10. Let g = 149 - q. What is the tens digit of g?
2
Let d(a) = 25*a**2 - 9*a - 9. Let y be d(-1). Suppose y*c - 7435 = -510. What is the hundreds digit of c?
2
Suppose 16*a = 1703 - 583. Let i be 17654/a - (-1)/(-5). Suppose 51*k - i = 48*k. What is the tens digit of k?
8
Let h(b) = -118*b - 4. Let w(p) = 79*p + 3. Let g(m) = 5*h(m) + 8*w(m). Let u be g(7). Let x = 418 - u. What is the hundreds digit of x?
1
What is the tens digit of (-192752)/(-35) + (-135)/(-75)?
0
Suppose -2*v - 8 = -3*g + 42, -4*g = -5*v - 76. Suppose -l + 3*l = -g. What is the units digit of (-298)/l + (-6)/(-14)?
3
Suppose 0 = 6*c - 3 - 9. Suppose 0 = l + c*l - 9. Suppose -340 = -3*k + 4*b - l*b, -3*b + 15 = 0. What is the hundreds digit of k?
1
Suppose 3*n = -p + 58623, -3*p + 5*n + 134730 + 41055 = 0. What is the thousands digit of p?
8
Let n = -2261 - -1272. Let y = n + 1787. What is the units digit of y?
8
Let g = -33 - -10. Let t be (35 + g)/(1/62*2). Suppose 4*d - 4*r = -2*r + 380, 4*d - 4*r = t. What is the tens digit of d?
9
Let n(z) = -z**3 + 15*z**2 + 17*z - 11. Let m be n(16). Let h be (-96)/10*3/((-3)/m). What is the units digit of 4/(h/645) - (-11)/44?
4
Suppose 102*j - 97*j = 4*u - 30502, -3*j = -5*u + 38108. What is the units digit of u?
8
Let b = 343 - -2544. What is the units digit of b?
7
Suppose -82*b = -86*b + 2288. Suppose 2*w - 1960 = -5*p, 2*w = -p - 188 + b. What is the hundreds digit of p?
3
Suppose 0 = w + 56*z - 54*z - 2387, w + 3*z = 2393. What is the hundreds digit of w?
3
Let b = -57 + 61. Suppose 5 = 3*h - 7, -m - b*h = -34. Suppose -10*q = -m*q + 880. What is the tens digit of q?
1
Suppose 40 = 5*c - 5*q, -4*c + q + 14 = -9. Suppose 0 = 3*d + 6, -4*f + c*d - 4*d = -190. What is the units digit of f?
7
Let j be -3 + (-4)/(-8)*-2. Let m be 3664/j*(6/(-4))/3. Suppose 2*x = -5*g + m, -3*g = -2*x - x + 708. What is the tens digit of x?
3
What is the units digit of (33 + 5177/(-155))/((-2)/47590)?
8
Let k(p) = 60*p + 58*p + p**3 - 3*p**2 - 119*p + 3. Let w be k(3). What is the tens digit of 61 + 6 + -2 + w?
6
Let j(f) = -f**3 + 7*f**2 + 7*f + 31. Let z be j(7). What is the hundreds digit of (-1112)/(-1)*30/z?
4
Let l(d) be the first derivative of 2*d**3 + 7*d**2 - 25*d + 67. What is the hundreds digit of l(-10)?
4
Let z(w) = -16*w + 10 + 3*w**3 + 4*w**3 + 6*w - w**2 + 0*w**2. Let o be z(4). Let t = o - 146. What is the tens digit of t?
5
Let z(n) = -5*n**2 + n + 5. Let p(d) = 11*d**2 - d - 10. Let q(t) = -4*p(t) - 9*z(t). Let v be q(6). What is the units digit of (v + -2)*22*-6?
2
Let s(g) = g + 146. Let n be s(0). Let l = 126 - 73. Let q = n - l. What is the units digit of q?
3
Suppose -5*s + 43 = -12. Suppose -s*u = u - 216. Suppose 11*l - 8*l - u = 0. What is the units digit of l?
6
Let r(t) = -t**3 - 38*t**2 - 144*t + 27. What is the units digit of r(-35)?
2
Suppose 4*i + 4*n - 118924 = 0, -5*i + 4*n + 148620 = 2*n. What is the hundreds digit of i?
7
Let c be (2063 - 1)/((-21)/(-84)). Let w(p) = 757*p**2 + p - 2. Let i be w(2). Suppose -18*v - i = -c. What is the hundreds digit of v?
2
Let r(v) = v**2 - 4*v + 5. Let y = 13 + -9. Suppose y*b - 20 = -4. What is the units digit of r(b)?
5
Let g be (-6)/(-30) - (-28)/10. Suppose y = -g*y + 316. What is the tens digit of 0*(-2)/4 + y?
7
Let k(b) = 503*b**2 + 264*b - 6. What is the thousands digit of k(-5)?
1
Suppose 5*g = -4*u + 19 - 2, -3*u + 9 = 0. Suppose -h = 1, 0 = -w + 4*h - 0*h + 95. What is the hundreds digit of (g - -25)/((w/(-28))/(-13))?
1
Let l = -26163 + 44658. What is the thousands digit of l?
8
Let t = 16936 - 9626. Suppose -t = -16*r + 6*r. What is the tens digit of r?
3
Let i(g) = -g**3 - 10*g**2 - g + 125. What is the units digit of i(-8)?
5
Let u be (1 - 7)/(-3) - (-3 + -1). Let f be (u/(-4))/((-3)/4). Suppose -4*q + 3*w = -732, 7*q - 3*w - 915 = f*q. What is the hundreds digit of q?
1
Suppose 5*g + 78 = 8*g. Suppose -20*q = -g*q + 78. What is the tens digit of q?
1
Let k(l) be the second derivative of l**4/12 - 5*l**3/6 + 15*l**2 + 33*l. What is the hundreds digit of k(19)?
2
Suppose 7*f - 373 = 12*f - 3*a, -316 = 4*f + 2*a. Let b = -30 - f. What is the units digit of b?
7
Suppose -13 - 4 = b. Let n = 17 + b. Suppose n = 2*j - g - 155, -2*j - j = -g - 233. What is the units digit of j?
8
Let k(f) = 2*f**2 - 21*f + 62. Suppose 16*y - 15*y = 2*j - 45, 5*j - 3*y = 110. What is the tens digit of k(j)?
8
Let z be (-1)/4 - (-9378)/72. Let l = 195 + z. What is the tens digit of l?
2
Let o(x) = -x**3 + 5*x**2 + 4*x + 5. Let v be o(5). Let z(l) = 0*l**3 + 6*l**3 + 8*l**2 - v - 16*l - 5*l**3. What is the tens digit of z(-9)?
3
Let o(g) = 16*g - 4. Let q be o(5). Let a = -75 + 79. Suppose q = -0*f + a*f. What is the units digit of f?
9
Let t be 18/(-10) - -2 - 374/(-5). Suppose t*w - 910 = 73*w. What is the units digit of w?
5
Let q(j) = 3*j + 8. Let i be q(4). Let n(a) = -12*a**2 + 4*a**2 - 23*a - 2*a**3 + i - 12*a**2 + a**3. What is the units digit of n(-19)?
6
Suppose -x + 2934 = 2*b - 11790, -11*x - b = -161838. What is the hundreds digit of x?
7
What is the tens digit of (1 - -600)*17 + 0/(28/4)?
1
Suppose -v = -5*p + 6, 11*p - 8*p = 0. What is the tens digit of v/27 + (-15780)/(-54)?
9
Let p be ((-3)/4)/(5/(-6 + -654)). Suppose p*v = 97*v + 340. What is the hundreds digit of v?
1
Suppose -2*w + 9802 = 2*g, -6*g + 2*w = -7*g + 4904. What is the units digit of g?
8
Let p(w) = 21*w**2 + 43*w + 43. Let y be p(-1). Suppose y*r - s = 24*r - 5339, -3565 = -2*r + 5*s. What is the tens digit of r?
8
Let s be -25 + (-3 - 1 - -4). Let l = s - -22. What is the units digit of (-2)/l + (-3971)/(-33)?
1
Suppose -10*o + 16*o - 84 = 0. Suppose -5*f = 4*d - 2, 5*f - 4*d + o + 8 = 0. What is the units digit of (-15)/f - (-1)/(-2)?
7
Let k(j) = 8*j**3 - j**2 - 18*j + 9. Let q(x) = 7*x**3 - 2*x**2 - 17*x + 9. Let z(m) = 6*k(m) - 7*q(m). Let r = -768 - -777. What is the units digit of z(r)?
9
Let v = -28903 - -83783. What is the ten thousands digit of v?
5
Suppose -246*v + 1915495 = -3098231. What is the thou